 + -34)).
24
(-10 - 0) + -105 + (183 - 95)
-27
-55 - (-27 - -86 - 3)
-111
What is the value of (14 - (21 + 2 - 22 - -22)) + 101?
92
Evaluate 23 - -4 - (13 + 6 + -6 + -11).
25
What is -5 + -4 + 10 + 24 + -48 + -27 - -7?
-43
Evaluate 6 + -9 + (34 - (61 + -27) - (-1 + -1)).
-1
(-96 - -55) + (50 - 3)
6
Calculate (-1 - -2) + 0 + -42 + 16 + -97.
-122
Calculate (7 + -10 - -2) + (7 - -4) - (-261 + 232).
39
What is the value of (-19 - -37) + (-5 - -4 - 30) - 66?
-79
What is the value of -103 - -84 - (-5 - (-18 - 7))?
-39
What is 27 + -24 - ((50 - 4) + -4) - 12?
-51
What is the value of -10 - (1 - (7 + (-4 + 0 - 1 - 1)))?
-10
Evaluate -48 + 18 + -12 + (161 - 173).
-54
Evaluate -21 + 0 + -31 + 40 - (0 + 13).
-25
Evaluate 45 + -55 + 106 + -57.
39
Evaluate -249 - -296 - (94 + 52).
-99
Evaluate 53 + 22 + -43 + -25.
7
(-1 - ((20 - 13) + 4)) + -67 + (-3 - 3)
-85
What is (18 - 46) + 52 + -37 - -28?
15
(28 - -16) + -411 + 275
-92
What is 67 + -15 + 35 + -52?
35
What is (3 + -141 - (-641 + 622)) + (2 - -4)?
-113
What is 30 + (27 - (-25 + 173 + -29))?
-62
-13 + 33 + (-4 - 17) + 17
16
What is 56 + 10 - 47 - (-49 - (-10 - -6))?
64
What is the value of 2 + -108 - (1914 + -1972)?
-48
Calculate (82 - 99) + 123 - 22.
84
What is 96 + -2 - (-3152 + 3318)?
-72
Calculate -99 + 0 + 16439 + -16300.
40
Calculate 103 - (-42 + (-95 - -71)) - (1 + 20).
148
Evaluate (-8 + 1 - (-2 + 49)) + -1 + -2.
-57
What is -45 + 0 + 5 + -3 + 0 + 9 + -7?
-41
What is the value of -75 + -45 + 15 + 47?
-58
What is 0 + 30 + -2 + 13 + (-7 - 1)?
33
What is the value of 81 - (-121 + 2 + 113)?
87
-4 - ((1 + -5 - -1) + 9) - (-274 - -323)
-59
(38 - -4) + (52 - 64)
30
Evaluate 6163 - 6215 - (-72 - 0).
20
What is the value of (-1 - -10) + -30 + 1 + 503 + -538?
-55
What is 45 + (-2 + 6 - -1 - (-10 + -10 - -19))?
51
What is the value of (341 - 331) + (-32 - (5 + -3))?
-24
Calculate 3 + (-3 - -37) + (2657 - 2693).
1
What is the value of 8 + 7 + -8 - (19 - 7) - (1 - 46)?
40
Calculate 70 + -120 + 28 + 14.
-8
Calculate 111 + -173 + 46 + (-6 - 0).
-22
What is 13 + (10 + (-11 - 10) - ((14 - 11) + -6))?
5
60 + 10 + 8 - (88 + -60)
50
0 + -21 - (1928 + -1999) - 27
23
What is 56 - ((-95 - -46) + 62)?
43
(0 + -7 - (3 - -41) - 1) + 8
-44
Evaluate 40 + -13 + -18 - (-4 + 101 + -9).
-79
50 - (18 - -1 - (84 + -78) - 0)
37
Calculate 46 + -26 - (11 - (1 + (-2 - -6) + -5)).
9
Calculate 41 + 162 + -47 - 88.
68
What is the value of (32 - (9 - 25)) + (-9 - (4 - (5 + 3)))?
43
1 - -6 - (-42 - (41 - 110) - -61)
-81
What is 2 + 1 - 0 - (-116 + 125 + 48)?
-54
Evaluate 52 + -63 + 10 - -45.
44
What is the value of 6 + 15 - 3 - (-94 + 65)?
47
What is the value of -6 - ((-6 - 3 - -2) + -33 + 32) - 20?
-18
What is the value of 161 - (-30 + -108 + 201)?
98
63 + -19 + -26 + -43
-25
What is the value of (21 - 29 - -10) + 11 + -2 + 2?
13
What is -19 - -1 - (39 - (25 + -3 - -25))?
-10
54 - 118 - (-9 + -49)
-6
Calculate 8 + (33 - 19 - -10) - -16.
48
What is (1 - -25) + -3 + (110 - 112)?
21
What is (64 - (34 + -4) - 10) + 72?
96
What is (63 - (70 + -12)) + (-37 - 2)?
-34
Evaluate 2 - (-39 + 22 - 50).
69
Calculate (90 - 22 - 28) + (-8 + 1 - 7) + 2.
28
Evaluate 26 + 86 + -86 - 55.
-29
Evaluate -36 + -40 + -25 + 84.
-17
What is the value of 5 - 9 - (-171 - -162)?
5
What is the value of 80 + -88 + 43 - 82?
-47
Evaluate -23 - (-50 + -16 - -39).
4
-110 - -43 - -38 - (3 - 4 - -3 - -5)
-36
Calculate 725 + -755 - (-58 - 3).
31
(51 + -2 - -12) + -59 + 66
68
Evaluate (202 - 98) + -10 + -132.
-38
What is (-13574 - -13451) + (-27 - (2 + -4))?
-148
Calculate 2 - (-2 + 8) - (53 - (63 - 21)).
-15
What is the value of 6 + (-48 - (34 - 56)) + -1 + 153?
132
(-104 - -105 - -3) + (3 - 4 - 2 - -46)
47
-2 + 19 + (-1 - 13 - (18 + -26) - -4)
15
What is the value of (-16 - (-26 + -4)) + -39 - 11?
-36
Evaluate -22 - (4 + 1 + -40 + 24).
-11
What is the value of (-29 - -36 - 41) + -28?
-62
Calculate 27 - (9 - (42 + -5 + -14)).
41
What is the value of (11 - (10 - (-14 + -12))) + 12?
-13
What is the value of 84 + -68 + -32 + (-1 - 39)?
-56
Calculate 78 + -135 + 54 + 29.
26
What is the value of 210 - 227 - (20 + -19 + 1 + -2 - 1)?
-16
Calculate (26 - 3) + (23 + -50 - -48).
44
-820 + 779 - (0 - 34)
-7
Calculate (1 - (-1 - 3)) + 23 - (-49 + 28 - -9).
40
What is (0 - 30) + (3 - -61) - 122?
-88
Evaluate -13 - (479 + -486 + 2 + -1) - 34.
-41
What is the value of -4 - -37 - (-57 - -80)?
10
Calculate 0 + (-14 - 0) + 24951 + -24840.
97
Evaluate 76 - 38 - 105 - -96.
29
Evaluate (-3 - -3) + (2 - 3) + -4 + 270 + -198.
67
Evaluate -6 + 4 + 54 + -17.
35
58 - -3 - (-61 - -9 - -71)
42
What is (-4 - (2 + -4)) + -1 + 50 + -32 - 2?
13
Calculate (25 - -122) + -34 + -216.
-103
What is the value of 33 + (-55 - -3 - -4) - (30 + 1)?
-46
2 + -8 + 2 - (856 - 854) - (3 - -44)
-53
What is the value of 41 - ((10 - 69 - -32) + 178)?
-110
What is 12 + -3 + -2 - (-5 + (-20 - (-1 + -8)))?
23
Evaluate (-2531 - -2470) + (2 - -107).
48
What is the value of -32 - (48 - 103 - -63 - (1 + 13))?
-26
99 + -79 + (-14 - (-7 + 6)) + (1 - 46)
-38
What is 44 + (-3 + 20 - 4) + -13 + 14?
58
What is the value of 11 - (-23 + (59 - 54))?
29
What is 73 - (237 + -23 + -75)?
-66
Calculate 11 + (11 - ((0 + -19 - -12) + 21)).
8
What is the value of 36 + -2 + (-53 - (-95 + 26))?
50
What is 0 - 1 - 24 - (499 + -495) - 6?
-35
What is 13 - (15 + -47 + 66)?
-21
What is -110 - (51 + -25) - (34 - 63)?
-107
What is ((12 - 2) + -48 - (-14 - 0)) + 83?
59
Evaluate 5 + 4 + (2 - (8 - -3)) - (12 - 16).
4
What is 1 + 0 - (-169 - (-36 + -115))?
19
-8 + -9 - (5 - (12 - 17))
-27
21 + (-6 - -11 - (-23 + 57))
-8
What is 25 + (-88 - 106) + 84?
-85
What is -25 - (-2 - 19 - (34 + -7))?
23
What is -90 + 0 + 1 + -36 + 102 + -37 + -35?
-95
Evaluate (8 + -2 - (-4 + 1)) + -14 - (20 + -73).
48
Calculate 82 + -16 + 24 + -40.
50
-15 - (2 + 3 - (47 + -18)) - 33
-24
Calculate -1 + (-75 - (-58 + 75)).
-93
What is -630 - -642 - (-9 + 2 - -3) - 106?
-90
Evaluate -11 + 4 + (-456 - -475).
12
12 - (44 + -49 - 0 - (1 - -23))
41
Evaluate -35 + 94 + (-29 + 20 - (1 + -1)).
50
Evaluate (-1 + 34 - (-24 + -25 - -48)) + -4 + 7.
37
What is 2 - ((12 - 20) + (-18 - 1)) - (-61 + 73)?
17
-90 + -5 - ((-7 - (-2 - 8)) + 0)
-98
(-47 - -41) + (-21 - -7 - 7)
-27
-34 - (34 - (-24 - (26 + -90)))
-28
What is 3 - (-13 - -3 - (1 - -4 - 13))?
5
Evaluate (560 - 543) + -28 + 3.
-8
(5 - 7) + 49 + -10
37
What is (-7 - -5 - -26) + -44?
-20
Calculate -36 - 0 - (75 + (-1 - 94)).
-16
What is the value of 2 + 42 + (-23 - (29 - 68) - 16)?
44
Calculate -75 + 14 + (10 - 38) + 5.
-84
-100 + 57 - -64 - ((1 - -6) + 3)
11
-30 - (-9 + -28) - 30
-23
(3 + -4 - -53) + (-1 + -145 - -149)
55
What is the value of -18 - (58 + (-11 - 3)) - (5 + -1 + 3)?
-69
What is -18 + -50 + 44 + -3 + 33 - -6?
12
Evaluate -16 + 9 + 24 + ((28 - 17) + -16 - -11).
23
-4 + (3 - (12 + (22 - 14))) - 0
-21
What is (-13 - (-54 - -75)) + 50?
16
((6 - 10) + 7 + 13 - 97) + 20
-61
(-5 - (9 + -7)) + 18 - (-7 + -5 + 166)
-143
2 - (4 - (0 + 1 - -10)) - -28
37
-16 + (3 - -2) + -68 - (4 + -13 + 0)
-70
Evaluate -23 + (-1 + -2 + 4 - 13).
-35
Evaluate 69 + (2 - (-45 + 41)) - 9.
66
What is the value of (-10 - (-38 + 18)) + 8?
18
What is the value of -25 + (-12 - -3) + 20 + -2 - 54?
-70
What is the value of 26 - 4 - (5 + (-5 + (-6 - -9) - -4))?
15
(-24 - -11) + -11 + (2 - -104) + -37 + 29
74
What is the value of 4 - -5 - (-3 + -7 + -26 + 44) - -20?
21
Calculate 248 + -300 - (-4 + 2 + -7 + (5 - 2)).
-46
What is the value of 52 + (20 - 12) + 5 + -41 - (14 - 1)?
11
Evaluate (-79 - -28) + -3 - -64.
10
What is (37 - -40 - 96) + -82?
-101
Evaluate 13 - 7 - (180 - 100 - 5).
-69
What is 0 + (-40 + 36 - (54 + 4 + -3 + -4))?
-55
What is the value of 6 + 7 + 0 + 0 + -2 - (74 + 3)?
-66
What is the value of -4185 + 4197 - (1 + 50 + -1 + 2)?
-40
What is the value of (11 - (6 - -59)) + 6 + 14 - (4 + 1)?
-39
What is -27 - 0 - ((119 - 256) + 169)?
-59
What is 23 - -1 - (-9 + -10 + 6 + 16)?
21
Calculate -22 - (6 - -1 - (-14 - -11) - (-2 + 12)).
-22
Evaluate -29 + (32 - (-14 - -23)) + -115.
-121
Calculate (53 - (-55 + 28)) + -8 + 2.
74
Calculate -2 + 56 - (-14 + (11 - 1) + -93 + 94).
57
Calculate -37 - (15 + -8) - (-32 - -18).
-30
What is the value of -6 + -23 + (15 - -4) + -3?
-13
What is -9 - ((-20 - -28) + 5 - 39)?
17
What is 4 + (-19 - -9) - -37?
31
Evaluate 680 + -